-5 - -2)?
2, 3, 17
Let h = -56 - -11. Let s be (-100)/h + 4/(-18). Suppose -s*o + 3*o - 71 = 0. What are the prime factors of o?
71
Suppose -130 - 588 = -m. Suppose 63 = 11*i - m. List the prime factors of i.
71
Let w(x) = -51*x**3 + 3*x**2 - 3*x - 10. What are the prime factors of w(-2)?
2, 13
List the prime factors of 0*3/6 + 11*65.
5, 11, 13
Suppose 4*j = 3*c - c + 7510, c + 1875 = j. What are the prime factors of (-6)/(-27) - j/(-45)?
2, 3, 7
Let x(y) = y**3 - 13*y**2 + 12*y + 1. Let t be x(12). Suppose -41 - t = -2*r. List the prime factors of r.
3, 7
Let n = -80 + 12. Let s = n - -116. Suppose -5*x + 5 = 0, 36 = 4*a + 4*x - s. What are the prime factors of a?
2, 5
Suppose -505 = -w + 271. What are the prime factors of w?
2, 97
Let y(o) = -o**2 + 14*o - 4. Let d be y(10). What are the prime factors of 8/d + (-770)/(-18)?
43
Let l be -18 - -22 - 1*-141. Let o = l - -6. What are the prime factors of o?
151
List the prime factors of (930/(-35))/((-3)/14).
2, 31
Let l be 2/10 + (-202)/10. What are the prime factors of ((-650)/l)/((-1)/(-2))?
5, 13
Let s be 6/(4 - 595/150). List the prime factors of ((-3)/(-2))/(27/s).
2, 5
Let c = -9 + 12. Let p = c - -12. Let i = p - 6. What are the prime factors of i?
3
Suppose -18*g + 297596 = 100*g. List the prime factors of g.
2, 13, 97
Let k(a) = -131*a + 18. List the prime factors of k(-2).
2, 5, 7
Let i(p) = 33*p - 6. Let y(x) = x**3 + 2*x**2 + 3. Let t be y(-2). Let z be i(t). Let m = -50 + z. List the prime factors of m.
43
Let j(f) = f**2 + 5*f - 17. Suppose 4*p - 19 = 3*c + 2, -2*p - c + 23 = 0. List the prime factors of j(p).
109
Let c = 91 + -34. Suppose 0 = 3*j - c - 27. Suppose 2*p = 6*p - j. List the prime factors of p.
7
Suppose -2*v - 3*x + 7304 = 0, x + 3*x - 3662 = -v. What are the prime factors of v?
2, 1823
Let p be (-2)/9 - (-92)/9. Let o be (4/p)/((-7)/(-35)). List the prime factors of (2/o)/((-8)/(-176)).
2, 11
List the prime factors of 34/(-3)*(-3)/2.
17
Suppose -5*g + 179 - 894 = 0. Let k(a) = -a - 95. Let n be k(0). Let b = n - g. What are the prime factors of b?
2, 3
Suppose 2*j + 0*j - 820 = 5*k, 5*j - 2050 = -5*k. What are the prime factors of j?
2, 5, 41
Let k = 59 - 54. Suppose -i + 3*x + 126 = -15, x + 663 = k*i. List the prime factors of i.
2, 3, 11
Let w = 49 - 93. Let g = -16 + 4. Let m = g - w. What are the prime factors of m?
2
Suppose -12*j - 7267 + 40123 = 0. What are the prime factors of j?
2, 37
Let j(o) = 3*o**3 + o**2 - 1. Let r be j(1). Let g = r + 0. Suppose 0 = 2*i - g*i + 8. What are the prime factors of i?
2
Let x = -841 - -1600. List the prime factors of x.
3, 11, 23
Let r(s) = -4*s**2 - s + 4. Let g be r(0). Suppose -p + 4*d + 22 = 0, g*d = -2*p + 3*d + 26. List the prime factors of p.
2, 7
Suppose 96 = 4*w - 736. Let v = w + -177. List the prime factors of v.
31
Suppose -2*h = -8 + 4, -h + 5741 = 3*j. List the prime factors of j.
1913
Let s = -77 + 37. List the prime factors of s/12*(292/(-4) - -1).
2, 3, 5
Let g(c) = -c + 19. Let f be g(5). Suppose 0 = 8*s - f*s + 540. What are the prime factors of s?
2, 3, 5
Let v(w) = -w**3 - w + 12. Let c be v(0). Suppose -14*y + c*y = -120. What are the prime factors of y?
2, 3, 5
Let g = 148 + 71. What are the prime factors of g?
3, 73
List the prime factors of (8/(-40))/((-7578)/(-3790) - 2).
379
Let z(q) = 4*q**3 - q**2. Let x be z(-1). Let c be (-2)/x*200/1. What are the prime factors of 72/(-60)*c/(-6)?
2
Let x = -13 + 10. List the prime factors of 36/(-3)*2/x.
2
Suppose -3*a + 35 = -1. Suppose -4 = -4*j + a. Suppose 4 = -0*s - j*s, 110 = 4*c + 2*s. List the prime factors of c.
2, 7
Let f(z) = -94*z - 221. List the prime factors of f(-11).
3, 271
Suppose -c - 2 = -5. Suppose -c*v = -0*v + 3*u + 102, 134 = -5*v + 4*u. Let w = v - -45. List the prime factors of w.
3, 5
Let a(s) = -164*s - 3. Let n be (-2)/5 + (-12)/20. List the prime factors of a(n).
7, 23
Let q(k) = 3*k**2 - 4*k + 4. Let s be 2/11 + 91/(-77). Let d be (3 + s)/((-6)/(-9)). What are the prime factors of q(d)?
19
Let p = 71 + -51. Suppose -7*t + 3*t + p = 0. List the prime factors of t.
5
Let h = 1575 - -2587. What are the prime factors of h?
2, 2081
Let q(g) = 2*g + 4. Let y be (-1 + 0 - 3)/2. Let t be q(y). What are the prime factors of 124/((-8)/(-2)) + t?
31
Let n(o) = 2*o + 2. Suppose 0 = -4*v + 5*u - 27, -2*u + 5*u = 3*v + 18. Let s be n(v). Let a(b) = -6*b - 4. What are the prime factors of a(s)?
2, 5
Let l = 1553 - 1008. What are the prime factors of l?
5, 109
Suppose 4*t + 39 = -13. Let r(n) = n + 17. List the prime factors of r(t).
2
Let k(g) = -17*g - 40. Let m be k(-17). Suppose 3 = -v - 0*v, 3*u + 3*v - m = 0. List the prime factors of u.
2, 43
Let a be 3/6 - 6*(-6)/(-8). Let d(u) = -18*u - 21. What are the prime factors of d(a)?
3, 17
Let s = 54 + -52. List the prime factors of (162/45)/(s/40).
2, 3
Suppose 0 = 5*h + 4*y - 268, 271 = 4*h + h + 3*y. Suppose -5*t = -q + h, -5*q + 123 = t - 105. Let o = q - 26. List the prime factors of o.
2, 5
Suppose 22*n = w + 19*n - 28, -4*n = -2*w + 58. What are the prime factors of w?
31
Let q(f) = -2*f + 11. Let m be q(5). Let v be 3*m*350/30. Let r = -14 + v. List the prime factors of r.
3, 7
Let x(i) = -5*i**3 + 12*i**3 + 5 - 4*i + 3*i**2 + 0*i. What are the prime factors of x(2)?
5, 13
Let j be (-6)/33 + 0 + 800/44. List the prime factors of ((-530)/(-15) + -2)*j/4.
2, 3, 5
Let c = -65 + 68. Suppose -c*d + 610 = 2*d. List the prime factors of d.
2, 61
What are the prime factors of 52/(-416) - (-13730)/16?
2, 3, 11, 13
Let g = 3626 + -1649. Suppose -15*s + 498 = -g. List the prime factors of s.
3, 5, 11
Suppose 678 = -0*t - 6*t. Let v = -27 - t. List the prime factors of v.
2, 43
Let b = -745 + 775. What are the prime factors of b?
2, 3, 5
Suppose 0*v = -5*v. Suppose -3*d + 0*d = v. What are the prime factors of d + (-46)/(-6)*3?
23
Suppose -4 = 2*u - 4*u, 3*n + 3*u - 366 = 0. Suppose w + 5*w - n = 0. What are the prime factors of w?
2, 5
Suppose -2*i - 2*u = -i - 41, 5*i + u = 232. Let t = -27 + i. What are the prime factors of ((-56)/t)/((-6)/15)?
7
Suppose 3*b - 5*w - 134 = 0, 0*b - b = 4*w - 73. Suppose 0 = -5*k + s - 182, k + 28 + 24 = -5*s. Let y = b + k. What are the prime factors of y?
2
Let d(j) = 2*j**2 + 16*j + 2650. What are the prime factors of d(0)?
2, 5, 53
Suppose -5*i = 3*m - 976, 3*m - 824 - 153 = -4*i. What are the prime factors of m?
3, 109
Let i be 30/50 + (-1844)/(-10). Let j = i - 352. List the prime factors of (1 + j)*(-5)/10.
83
Suppose 3*o + 7*c - 12*c - 3814 = 0, 5132 = 4*o + 5*c. List the prime factors of o.
2, 3, 71
Let c(f) = 6*f + 24. Let a(p) = 7*p**2 + 3*p. Let j be a(-2). What are the prime factors of c(j)?
2, 3, 13
Suppose 12 = -4*r, 4*h - 12597 = r - 2206. What are the prime factors of h?
7, 53
Suppose 5*n + 25 = 0, 4*q = 4*n - 0*n + 316. Let t = q + 2. What are the prime factors of t?
2, 19
Let y(k) = -62*k + 338. List the prime factors of y(-28).
2, 17, 61
Let p(k) = -k**3 + 9*k**2 + 9*k + 10. Let s be p(10). Suppose -3*l - x = -s*l - 553, 4*x = -5*l + 931. List the prime factors of l.
3, 61
Let q = -336 + 417. What are the prime factors of q?
3
Suppose -5*w + 38 + 4 = 3*l, 4*w - 2*l = 16. Suppose -u = -2*u + w. List the prime factors of (u/(-15))/(1/(-35)).
2, 7
Suppose -7*m + 1488 + 1788 = 0. What are the prime factors of m?
2, 3, 13
What are the prime factors of 1578/2 + -1 + 3?
7, 113
Suppose 0 = 4*w + 8. What are the prime factors of (-212)/w - 27/(-9)?
109
Suppose -9*q = -876 + 138. Let m = q + -80. What are the prime factors of m?
2
Let u = 177 - 83. Let d = 318 - u. What are the prime factors of d?
2, 7
Let u = 19 + -14. Suppose -5*n + 3*y = -711, u*n + 4*y - 754 = -57. Suppose 4*p - p - n = 0. What are the prime factors of p?
47
Let q = -242 - -377. What are the prime factors of q?
3, 5
Suppose -6*p = 226 - 1492. List the prime factors of p.
211
Let d = 49 - 53. Let n(x) be the second derivative of -x**5/20 - x**4/12 - x**3/2 - 7*x**2/2 - 2*x. What are the prime factors of n(d)?
53
Suppose -2*f + 10 = -0. Let g(j) = -3*j - 6*j**2 + 39 - 31 - 2*j + 9*j**2. What are the prime factors of g(f)?
2, 29
Let t(k) = -2*k**3 - 7*k**2 - 6*k + 8. Let u(o) = -3*o**3 - 8*o**2 - 6*o + 9. Let a(w) = 4*t(w) - 3*u(w). List the prime factors of a(6).
41
Suppose 4*f